{"id":2,"date":"2016-05-10T03:48:21","date_gmt":"2016-05-10T03:48:21","guid":{"rendered":"http:\/\/tokl.de\/?page_id=2"},"modified":"2025-09-18T14:16:46","modified_gmt":"2025-09-18T12:16:46","slug":"sample-page","status":"publish","type":"page","link":"https:\/\/tokl.de\/","title":{"rendered":"Willkommen!"},"content":{"rendered":"\n<div class=\"wp-block-columns alignwide is-layout-flex wp-container-core-columns-is-layout-9d6595d7 wp-block-columns-is-layout-flex\">\n<div class=\"wp-block-column is-layout-flow wp-block-column-is-layout-flow\" style=\"flex-basis:50%\">\n<figure class=\"wp-block-image is-resized\"><img loading=\"lazy\" decoding=\"async\" width=\"411\" height=\"618\" src=\"https:\/\/tokl.de\/wp-content\/uploads\/2022\/10\/2022-09-28-18_29_43-P1220297.JPG-\u200e-Fotos.png\" alt=\"\" class=\"wp-image-98\" style=\"width:546px;height:auto\" srcset=\"https:\/\/tokl.de\/wp-content\/uploads\/2022\/10\/2022-09-28-18_29_43-P1220297.JPG-\u200e-Fotos.png 411w, https:\/\/tokl.de\/wp-content\/uploads\/2022\/10\/2022-09-28-18_29_43-P1220297.JPG-\u200e-Fotos-200x300.png 200w\" sizes=\"auto, (max-width: 411px) 100vw, 411px\" \/><\/figure>\n<\/div>\n\n\n\n<div class=\"wp-block-column is-layout-flow wp-block-column-is-layout-flow\" style=\"flex-basis:50%\">\n<p>Hallo, <\/p>\n\n\n\n<p>mein Name ist Thomas Klein und ich bin gepr\u00fcfter Pilzsachverst\u00e4ndiger der Deutschen Gesellschaft f\u00fcr Mykologie (DGfM). Sie finden mich in der offiziellen \u00dcbersicht der DGfM-Pilzsachverst\u00e4ndigen <a href=\"https:\/\/www.dgfm-ev.de\/service\/pilzsachverstaendige\" target=\"_blank\" rel=\"noreferrer noopener\">hier<\/a>.<\/p>\n\n\n\n<p>Auf dieser Seite erfahren Sie alles Wissenswerte rund ums Pilzesammeln \u2013 von praktischen Hinweisen zum richtigen, schonenden Sammeln bis hin zu aktuellen Neuigkeiten aus der Mykologie. Zudem biete ich Ihnen umfassende Informationen zur Pilzberatung, zur Vermeidung von Pilzvergiftungen sowie wertvolle Tipps f\u00fcr eine sichere Pilzbestimmung.<\/p>\n\n\n\n<p>Wenn Sie eine kostenlose Pilzberatung w\u00fcnschen, finden Sie meine Kontaktdaten im Men\u00fc unter \u201ePilzberatung\u201c. Ich unterst\u00fctze Sie gerne bei der sicheren Erkennung von Speisepilzen und stehe Ihnen mit kompetentem Rat zur Seite.<\/p>\n\n\n\n<p>Entdecken Sie au\u00dferdem saisonale Pilztipps, Veranstaltungshinweise und Fortbildungsangebote rund um das faszinierende Thema Pilze. Vertrauen Sie auf fundiertes Fachwissen \u2013 f\u00fcr sicheres Sammeln und mehr Mykologie im Alltag.<\/p>\n\n\n\n<p><mark style=\"background-color:rgba(0, 0, 0, 0);color:#fe0404\" class=\"has-inline-color\"><strong>Beim Verdacht einer Pilzvergiftung klicken sie hier<\/strong>:<\/mark><strong> <a href=\"https:\/\/tokl.de\/?p=192\">Was tun bei einer Pilzvergiftung?<\/a><\/strong><\/p>\n\n\n<div class=\"wp-block-image\">\n<figure class=\"aligncenter size-large\"><img loading=\"lazy\" decoding=\"async\" width=\"725\" height=\"1024\" src=\"https:\/\/tokl.de\/wp-content\/uploads\/2022\/10\/PSV-Urkunde-725x1024.jpeg\" alt=\"\" class=\"wp-image-100\" srcset=\"https:\/\/tokl.de\/wp-content\/uploads\/2022\/10\/PSV-Urkunde-725x1024.jpeg 725w, https:\/\/tokl.de\/wp-content\/uploads\/2022\/10\/PSV-Urkunde-212x300.jpeg 212w, https:\/\/tokl.de\/wp-content\/uploads\/2022\/10\/PSV-Urkunde-768x1084.jpeg 768w, https:\/\/tokl.de\/wp-content\/uploads\/2022\/10\/PSV-Urkunde-1088x1536.jpeg 1088w, https:\/\/tokl.de\/wp-content\/uploads\/2022\/10\/PSV-Urkunde-1450x2048.jpeg 1450w, https:\/\/tokl.de\/wp-content\/uploads\/2022\/10\/PSV-Urkunde-1800x2542.jpeg 1800w, https:\/\/tokl.de\/wp-content\/uploads\/2022\/10\/PSV-Urkunde-scaled.jpeg 1813w\" sizes=\"auto, (max-width: 725px) 100vw, 725px\" \/><\/figure>\n<\/div><\/div>\n<\/div>\n","protected":false},"excerpt":{"rendered":"<p>Hallo, mein Name ist Thomas Klein und ich bin gepr\u00fcfter Pilzsachverst\u00e4ndiger der Deutschen Gesellschaft f\u00fcr Mykologie (DGfM). Sie finden mich in der offiziellen \u00dcbersicht der DGfM-Pilzsachverst\u00e4ndigen hier. Auf dieser Seite erfahren Sie alles Wissenswerte rund ums Pilzesammeln \u2013 von praktischen Hinweisen zum richtigen, schonenden Sammeln bis hin zu aktuellen Neuigkeiten aus der Mykologie. Zudem biete &hellip; <a href=\"https:\/\/tokl.de\/\" class=\"excerpt-link\">Weiterlesen<\/a><\/p>\n","protected":false},"author":1,"featured_media":0,"parent":0,"menu_order":0,"comment_status":"closed","ping_status":"open","template":"","meta":{"footnotes":""},"class_list":["post-2","page","type-page","status-publish","hentry"],"yoast_head":"<!-- This site is optimized with the Yoast SEO plugin v27.5 - https:\/\/yoast.com\/product\/yoast-seo-wordpress\/ -->\n<title>Willkommen! - Fachlicher Pilzsachverst\u00e4ndiger &amp; Beratung f\u00fcr sicheres PilzesammelnPilzsachverst\u00e4ndiger Thomas Klein \u2013 Pilzberatung, Pilzesammeln &amp; Pilzwissen | DGfM gepr\u00fcfter Experte<\/title>\n<meta name=\"description\" content=\"Pilzsachverst\u00e4ndiger mit Leidenschaft \u2013 Infos und Tipps rund ums Pilzesammeln, sichere Pilzerkennung, wichtige Hinweise zu Pilzvergiftungen sowie aktuelle Termine und Veranstaltungen. Vertrauen Sie auf fachkundigen Rat und praktisches Wissen aus erster Hand.\" \/>\n<meta name=\"robots\" content=\"index, follow, max-snippet:-1, max-image-preview:large, max-video-preview:-1\" \/>\n<link rel=\"canonical\" href=\"https:\/\/tokl.de\/\" \/>\n<meta property=\"og:locale\" content=\"de_DE\" \/>\n<meta property=\"og:type\" content=\"article\" \/>\n<meta property=\"og:title\" content=\"Willkommen! - Fachlicher Pilzsachverst\u00e4ndiger &amp; Beratung f\u00fcr sicheres PilzesammelnPilzsachverst\u00e4ndiger Thomas Klein \u2013 Pilzberatung, Pilzesammeln &amp; Pilzwissen | DGfM gepr\u00fcfter Experte\" \/>\n<meta property=\"og:description\" content=\"Pilzsachverst\u00e4ndiger mit Leidenschaft \u2013 Infos und Tipps rund ums Pilzesammeln, sichere Pilzerkennung, wichtige Hinweise zu Pilzvergiftungen sowie aktuelle Termine und Veranstaltungen. Vertrauen Sie auf fachkundigen Rat und praktisches Wissen aus erster Hand.\" \/>\n<meta property=\"og:url\" content=\"https:\/\/tokl.de\/\" \/>\n<meta property=\"og:site_name\" content=\"Fachlicher Pilzsachverst\u00e4ndiger &amp; Beratung f\u00fcr sicheres Pilzesammeln\" \/>\n<meta property=\"article:modified_time\" content=\"2025-09-18T12:16:46+00:00\" \/>\n<meta property=\"og:image\" content=\"http:\/\/tokl.de\/wp-content\/uploads\/2022\/10\/PSV-Urkunde-725x1024.jpeg\" \/>\n<meta name=\"twitter:card\" content=\"summary_large_image\" \/>\n<meta name=\"twitter:label1\" content=\"Gesch\u00e4tzte Lesezeit\" \/>\n\t<meta name=\"twitter:data1\" content=\"2\u00a0Minuten\" \/>\n<script type=\"application\/ld+json\" class=\"yoast-schema-graph\">{\"@context\":\"https:\\\/\\\/schema.org\",\"@graph\":[{\"@type\":\"WebPage\",\"@id\":\"https:\\\/\\\/tokl.de\\\/\",\"url\":\"https:\\\/\\\/tokl.de\\\/\",\"name\":\"Willkommen! - Fachlicher Pilzsachverst\u00e4ndiger &amp; Beratung f\u00fcr sicheres PilzesammelnPilzsachverst\u00e4ndiger Thomas Klein \u2013 Pilzberatung, Pilzesammeln & Pilzwissen | DGfM gepr\u00fcfter Experte\",\"isPartOf\":{\"@id\":\"https:\\\/\\\/tokl.de\\\/#website\"},\"primaryImageOfPage\":{\"@id\":\"https:\\\/\\\/tokl.de\\\/#primaryimage\"},\"image\":{\"@id\":\"https:\\\/\\\/tokl.de\\\/#primaryimage\"},\"thumbnailUrl\":\"http:\\\/\\\/tokl.de\\\/wp-content\\\/uploads\\\/2022\\\/10\\\/PSV-Urkunde-725x1024.jpeg\",\"datePublished\":\"2016-05-10T03:48:21+00:00\",\"dateModified\":\"2025-09-18T12:16:46+00:00\",\"description\":\"Pilzsachverst\u00e4ndiger mit Leidenschaft \u2013 Infos und Tipps rund ums Pilzesammeln, sichere Pilzerkennung, wichtige Hinweise zu Pilzvergiftungen sowie aktuelle Termine und Veranstaltungen. Vertrauen Sie auf fachkundigen Rat und praktisches Wissen aus erster Hand.\",\"breadcrumb\":{\"@id\":\"https:\\\/\\\/tokl.de\\\/#breadcrumb\"},\"inLanguage\":\"de\",\"potentialAction\":[{\"@type\":\"ReadAction\",\"target\":[\"https:\\\/\\\/tokl.de\\\/\"]}]},{\"@type\":\"ImageObject\",\"inLanguage\":\"de\",\"@id\":\"https:\\\/\\\/tokl.de\\\/#primaryimage\",\"url\":\"http:\\\/\\\/tokl.de\\\/wp-content\\\/uploads\\\/2022\\\/10\\\/PSV-Urkunde-725x1024.jpeg\",\"contentUrl\":\"http:\\\/\\\/tokl.de\\\/wp-content\\\/uploads\\\/2022\\\/10\\\/PSV-Urkunde-725x1024.jpeg\"},{\"@type\":\"BreadcrumbList\",\"@id\":\"https:\\\/\\\/tokl.de\\\/#breadcrumb\",\"itemListElement\":[{\"@type\":\"ListItem\",\"position\":1,\"name\":\"Startseite\",\"item\":\"https:\\\/\\\/tokl.de\\\/\"},{\"@type\":\"ListItem\",\"position\":2,\"name\":\"Willkommen!\"}]},{\"@type\":\"WebSite\",\"@id\":\"https:\\\/\\\/tokl.de\\\/#website\",\"url\":\"https:\\\/\\\/tokl.de\\\/\",\"name\":\"Fachlicher Pilzsachverst\u00e4ndiger &amp; Beratung f\u00fcr sicheres Pilzesammeln\",\"description\":\"Kompetente Hilfe bei Pilzbestimmung, Pilzberatung und Pilzvergiftungen \u2013 Ihr Ansprechpartner mit Erfahrung und Leidenschaft f\u00fcr Mykologie\",\"alternateName\":\"Pilzexperte - Pilzsachverst\u00e4ndiger\",\"potentialAction\":[{\"@type\":\"SearchAction\",\"target\":{\"@type\":\"EntryPoint\",\"urlTemplate\":\"https:\\\/\\\/tokl.de\\\/?s={search_term_string}\"},\"query-input\":{\"@type\":\"PropertyValueSpecification\",\"valueRequired\":true,\"valueName\":\"search_term_string\"}}],\"inLanguage\":\"de\"}]}<\/script>\n<!-- \/ Yoast SEO plugin. -->","yoast_head_json":{"title":"Willkommen! - Fachlicher Pilzsachverst\u00e4ndiger &amp; Beratung f\u00fcr sicheres PilzesammelnPilzsachverst\u00e4ndiger Thomas Klein \u2013 Pilzberatung, Pilzesammeln & Pilzwissen | DGfM gepr\u00fcfter Experte","description":"Pilzsachverst\u00e4ndiger mit Leidenschaft \u2013 Infos und Tipps rund ums Pilzesammeln, sichere Pilzerkennung, wichtige Hinweise zu Pilzvergiftungen sowie aktuelle Termine und Veranstaltungen. Vertrauen Sie auf fachkundigen Rat und praktisches Wissen aus erster Hand.","robots":{"index":"index","follow":"follow","max-snippet":"max-snippet:-1","max-image-preview":"max-image-preview:large","max-video-preview":"max-video-preview:-1"},"canonical":"https:\/\/tokl.de\/","og_locale":"de_DE","og_type":"article","og_title":"Willkommen! - Fachlicher Pilzsachverst\u00e4ndiger &amp; Beratung f\u00fcr sicheres PilzesammelnPilzsachverst\u00e4ndiger Thomas Klein \u2013 Pilzberatung, Pilzesammeln & Pilzwissen | DGfM gepr\u00fcfter Experte","og_description":"Pilzsachverst\u00e4ndiger mit Leidenschaft \u2013 Infos und Tipps rund ums Pilzesammeln, sichere Pilzerkennung, wichtige Hinweise zu Pilzvergiftungen sowie aktuelle Termine und Veranstaltungen. Vertrauen Sie auf fachkundigen Rat und praktisches Wissen aus erster Hand.","og_url":"https:\/\/tokl.de\/","og_site_name":"Fachlicher Pilzsachverst\u00e4ndiger &amp; Beratung f\u00fcr sicheres Pilzesammeln","article_modified_time":"2025-09-18T12:16:46+00:00","og_image":[{"url":"http:\/\/tokl.de\/wp-content\/uploads\/2022\/10\/PSV-Urkunde-725x1024.jpeg","type":"","width":"","height":""}],"twitter_card":"summary_large_image","twitter_misc":{"Gesch\u00e4tzte Lesezeit":"2\u00a0Minuten"},"schema":{"@context":"https:\/\/schema.org","@graph":[{"@type":"WebPage","@id":"https:\/\/tokl.de\/","url":"https:\/\/tokl.de\/","name":"Willkommen! - Fachlicher Pilzsachverst\u00e4ndiger &amp; Beratung f\u00fcr sicheres PilzesammelnPilzsachverst\u00e4ndiger Thomas Klein \u2013 Pilzberatung, Pilzesammeln & Pilzwissen | DGfM gepr\u00fcfter Experte","isPartOf":{"@id":"https:\/\/tokl.de\/#website"},"primaryImageOfPage":{"@id":"https:\/\/tokl.de\/#primaryimage"},"image":{"@id":"https:\/\/tokl.de\/#primaryimage"},"thumbnailUrl":"http:\/\/tokl.de\/wp-content\/uploads\/2022\/10\/PSV-Urkunde-725x1024.jpeg","datePublished":"2016-05-10T03:48:21+00:00","dateModified":"2025-09-18T12:16:46+00:00","description":"Pilzsachverst\u00e4ndiger mit Leidenschaft \u2013 Infos und Tipps rund ums Pilzesammeln, sichere Pilzerkennung, wichtige Hinweise zu Pilzvergiftungen sowie aktuelle Termine und Veranstaltungen. Vertrauen Sie auf fachkundigen Rat und praktisches Wissen aus erster Hand.","breadcrumb":{"@id":"https:\/\/tokl.de\/#breadcrumb"},"inLanguage":"de","potentialAction":[{"@type":"ReadAction","target":["https:\/\/tokl.de\/"]}]},{"@type":"ImageObject","inLanguage":"de","@id":"https:\/\/tokl.de\/#primaryimage","url":"http:\/\/tokl.de\/wp-content\/uploads\/2022\/10\/PSV-Urkunde-725x1024.jpeg","contentUrl":"http:\/\/tokl.de\/wp-content\/uploads\/2022\/10\/PSV-Urkunde-725x1024.jpeg"},{"@type":"BreadcrumbList","@id":"https:\/\/tokl.de\/#breadcrumb","itemListElement":[{"@type":"ListItem","position":1,"name":"Startseite","item":"https:\/\/tokl.de\/"},{"@type":"ListItem","position":2,"name":"Willkommen!"}]},{"@type":"WebSite","@id":"https:\/\/tokl.de\/#website","url":"https:\/\/tokl.de\/","name":"Fachlicher Pilzsachverst\u00e4ndiger &amp; Beratung f\u00fcr sicheres Pilzesammeln","description":"Kompetente Hilfe bei Pilzbestimmung, Pilzberatung und Pilzvergiftungen \u2013 Ihr Ansprechpartner mit Erfahrung und Leidenschaft f\u00fcr Mykologie","alternateName":"Pilzexperte - Pilzsachverst\u00e4ndiger","potentialAction":[{"@type":"SearchAction","target":{"@type":"EntryPoint","urlTemplate":"https:\/\/tokl.de\/?s={search_term_string}"},"query-input":{"@type":"PropertyValueSpecification","valueRequired":true,"valueName":"search_term_string"}}],"inLanguage":"de"}]}},"_links":{"self":[{"href":"https:\/\/tokl.de\/index.php?rest_route=\/wp\/v2\/pages\/2","targetHints":{"allow":["GET"]}}],"collection":[{"href":"https:\/\/tokl.de\/index.php?rest_route=\/wp\/v2\/pages"}],"about":[{"href":"https:\/\/tokl.de\/index.php?rest_route=\/wp\/v2\/types\/page"}],"author":[{"embeddable":true,"href":"https:\/\/tokl.de\/index.php?rest_route=\/wp\/v2\/users\/1"}],"replies":[{"embeddable":true,"href":"https:\/\/tokl.de\/index.php?rest_route=%2Fwp%2Fv2%2Fcomments&post=2"}],"version-history":[{"count":9,"href":"https:\/\/tokl.de\/index.php?rest_route=\/wp\/v2\/pages\/2\/revisions"}],"predecessor-version":[{"id":211,"href":"https:\/\/tokl.de\/index.php?rest_route=\/wp\/v2\/pages\/2\/revisions\/211"}],"wp:attachment":[{"href":"https:\/\/tokl.de\/index.php?rest_route=%2Fwp%2Fv2%2Fmedia&parent=2"}],"curies":[{"name":"wp","href":"https:\/\/api.w.org\/{rel}","templated":true}]}}